{"id":1974,"date":"2021-04-28T20:40:20","date_gmt":"2021-04-28T18:40:20","guid":{"rendered":"https:\/\/www.mirabel-aux-baronnies.fr\/s2\/?page_id=1974"},"modified":"2021-04-28T21:11:10","modified_gmt":"2021-04-28T19:11:10","slug":"mentions-legales","status":"publish","type":"page","link":"https:\/\/www.mirabel-aux-baronnies.fr\/s2\/mentions-legales\/","title":{"rendered":"Mentions l\u00e9gales"},"content":{"rendered":"\t\t<div data-elementor-type=\"wp-page\" data-elementor-id=\"1974\" class=\"elementor elementor-1974\">\n\t\t\t\t\t\t<section class=\"elementor-section elementor-top-section elementor-element elementor-element-dff35ee elementor-section-boxed elementor-section-height-default elementor-section-height-default\" data-id=\"dff35ee\" data-element_type=\"section\" data-e-type=\"section\">\n\t\t\t\t\t\t<div class=\"elementor-container elementor-column-gap-default\">\n\t\t\t\t\t<div class=\"aux-parallax-section elementor-column elementor-col-100 elementor-top-column elementor-element elementor-element-a3c3c03\" data-id=\"a3c3c03\" data-element_type=\"column\" data-e-type=\"column\">\n\t\t\t<div class=\"elementor-widget-wrap elementor-element-populated\">\n\t\t\t\t\t\t<div class=\"elementor-element elementor-element-26a04ab elementor-widget elementor-widget-aux_modern_heading\" data-id=\"26a04ab\" data-element_type=\"widget\" data-e-type=\"widget\" data-widget_type=\"aux_modern_heading.default\">\n\t\t\t\t<div class=\"elementor-widget-container\">\n\t\t\t\t\t<section class=\"aux-widget-modern-heading\">\n            <div class=\"aux-widget-inner\"><h2 class=\"aux-modern-heading-primary\">Mentions l\u00e9gales<\/h2><\/div>\n        <\/section>\t\t\t\t<\/div>\n\t\t\t\t<\/div>\n\t\t\t\t<div class=\"elementor-element elementor-element-286eed5 elementor-widget-divider--view-line elementor-widget elementor-widget-divider\" data-id=\"286eed5\" data-element_type=\"widget\" data-e-type=\"widget\" data-widget_type=\"divider.default\">\n\t\t\t\t<div class=\"elementor-widget-container\">\n\t\t\t\t\t\t\t<div class=\"elementor-divider\">\n\t\t\t<span class=\"elementor-divider-separator\">\n\t\t\t\t\t\t<\/span>\n\t\t<\/div>\n\t\t\t\t\t\t<\/div>\n\t\t\t\t<\/div>\n\t\t\t\t<div class=\"elementor-element elementor-element-e044557 elementor-widget elementor-widget-aux_modern_heading\" data-id=\"e044557\" data-element_type=\"widget\" data-e-type=\"widget\" data-widget_type=\"aux_modern_heading.default\">\n\t\t\t\t<div class=\"elementor-widget-container\">\n\t\t\t\t\t<section class=\"aux-widget-modern-heading\">\n            <div class=\"aux-widget-inner\"><h3 class=\"aux-modern-heading-primary\">Edition du site internet<\/h3><div class=\"aux-modern-heading-description\"><p>Le site <a href=\"http:\/\/www.mirabel-aux-baronnies.fr\">www.mirabel-aux-baronnies.fr<\/a> est la propri\u00e9t\u00e9 de la ville de Mirabel aux Baronnies.<\/p><p><strong>Mairie de Mirabel aux Baronnies<br \/><\/strong>30 Avenue de la R\u00e9sistance<br \/>26110 Mirabel-aux-Baronnies<strong><br \/><\/strong>Siret : 212 601 827 00018<br \/>T\u00e9l. : 04 75 27 15 09<\/p><\/div><\/div>\n        <\/section>\t\t\t\t<\/div>\n\t\t\t\t<\/div>\n\t\t\t\t<div class=\"elementor-element elementor-element-792ac55 elementor-widget elementor-widget-aux_modern_heading\" data-id=\"792ac55\" data-element_type=\"widget\" data-e-type=\"widget\" data-widget_type=\"aux_modern_heading.default\">\n\t\t\t\t<div class=\"elementor-widget-container\">\n\t\t\t\t\t<section class=\"aux-widget-modern-heading\">\n            <div class=\"aux-widget-inner\"><h3 class=\"aux-modern-heading-primary\">R\u00e9alisation et h\u00e9bergement<\/h3><div class=\"aux-modern-heading-description\"><p>R\u00e9alisation : <strong>NLMarcio - Informatique<\/strong><br \/><a href=\"https:\/\/www.nlmarc.io\">www.nlmarc.io<\/a><\/p><p>H\u00e9bergement : <strong>OVH<br \/><\/strong><a href=\"https:\/\/www.ovh.com\/fr\/\">www.ovh.com<\/a><br \/>140 quai du sartel - 59100 Roubaix - France<\/p><\/div><\/div>\n        <\/section>\t\t\t\t<\/div>\n\t\t\t\t<\/div>\n\t\t\t\t<div class=\"elementor-element elementor-element-1d9c712 elementor-widget elementor-widget-aux_modern_heading\" data-id=\"1d9c712\" data-element_type=\"widget\" data-e-type=\"widget\" data-widget_type=\"aux_modern_heading.default\">\n\t\t\t\t<div class=\"elementor-widget-container\">\n\t\t\t\t\t<section class=\"aux-widget-modern-heading\">\n            <div class=\"aux-widget-inner\"><h3 class=\"aux-modern-heading-primary\">Droits d'auteur - copyright<\/h3><div class=\"aux-modern-heading-description\"><p>La ville de Mirabel aux Baronnies a ouvert ce site pour l'information personnelle de ses utilisateurs. Aucune exploitation commerciale, m\u00eame partielle, des donn\u00e9es qui y sont pr\u00e9sent\u00e9es ne pourra \u00eatre effectu\u00e9e sans l'accord pr\u00e9alable et \u00e9crit de la ville de Mirabel aux Baronnies.<br \/>La pr\u00e9sentation et le contenu du pr\u00e9sent site, constituent ensemble, une oeuvre prot\u00e9g\u00e9e par les lois en vigueur sur la propri\u00e9t\u00e9 intellectuelle, dont la ville de Mirabel aux Baronnies est titulaire.<br \/>Aucune reproduction et\/ou repr\u00e9sentation, partielle ou int\u00e9grale, ne pourra en \u00eatre faite sans l'accord pr\u00e9alable et \u00e9crit de la ville de Mirabel aux Baronnies. Les dessins, photographies, images, textes, s\u00e9quences anim\u00e9es sonores ou non, et autres documentations repr\u00e9sent\u00e9s sur le pr\u00e9sent site Internet sont objets de droits de propri\u00e9t\u00e9 industrielle et\/ou intellectuelle et sont, selon les cas, propri\u00e9t\u00e9 de la ville de Mirabel aux Baronnies ou de tiers ayant autoris\u00e9 limitativement la ville de Mirabel aux Baronnies \u00e0 les utiliser. A ce titre, toute reproduction, repr\u00e9sentation, adaptation, traduction, et\/ou transformation, partielles ou int\u00e9grales, ou transfert sur un autre site sont interdits. La copie \u00e0 usage priv\u00e9 de ces diff\u00e9rents objets de droits est autoris\u00e9e. Leur reproduction partielle ou int\u00e9grale, sans l'accord pr\u00e9alable et \u00e9crit de la ville de Mirabel aux Baronnies, est strictement interdite. Les informations contenues dans ce site ne lient pas contractuellement la ville de Mirabel aux Baronnies.<\/p><\/div><\/div>\n        <\/section>\t\t\t\t<\/div>\n\t\t\t\t<\/div>\n\t\t\t\t<div class=\"elementor-element elementor-element-86a391d elementor-widget elementor-widget-aux_modern_heading\" data-id=\"86a391d\" data-element_type=\"widget\" data-e-type=\"widget\" data-widget_type=\"aux_modern_heading.default\">\n\t\t\t\t<div class=\"elementor-widget-container\">\n\t\t\t\t\t<section class=\"aux-widget-modern-heading\">\n            <div class=\"aux-widget-inner\"><h3 class=\"aux-modern-heading-primary\">Responsabilit\u00e9s<\/h3><div class=\"aux-modern-heading-description\"><p>Les informations publi\u00e9es sont pr\u00e9sentes \u00e0 titre informatif et peuvent \u00e9voluer en fonction des modifications l\u00e9gislatives ou r\u00e9glementaires. La ville de Mirabel aux Baronnies ne peut \u00eatre tenu responsable de l\u2019interpr\u00e9tation faite par l'utilisateur des informations pr\u00e9sent\u00e9es sur le site www.mirabel-aux-baronnies.fr Il appartient \u00e0 l\u2019internaute de prot\u00e9ger ses propres donn\u00e9es et\/ou logiciels de la contamination par d\u2019\u00e9ventuels virus circulant sur le web. La ville de Mirabel aux Baronnies ne peut \u00eatre tenu pour responsable d\u2019\u00e9ventuels dommages survenus lors de la consultation de ce site internet.<\/p><\/div><\/div>\n        <\/section>\t\t\t\t<\/div>\n\t\t\t\t<\/div>\n\t\t\t\t<div class=\"elementor-element elementor-element-2a55a12 elementor-widget elementor-widget-aux_modern_heading\" data-id=\"2a55a12\" data-element_type=\"widget\" data-e-type=\"widget\" data-widget_type=\"aux_modern_heading.default\">\n\t\t\t\t<div class=\"elementor-widget-container\">\n\t\t\t\t\t<section class=\"aux-widget-modern-heading\">\n            <div class=\"aux-widget-inner\"><h3 class=\"aux-modern-heading-primary\">CNIL<\/h3><div class=\"aux-modern-heading-description\"><p>\u00ab Vous disposez d'un droit d'acc\u00e8s, de modification, de rectification et de suppression des donn\u00e9es qui vous concernent (art. 34 de la Loi \u00ab Informatiques et libert\u00e9s \u00bb du 6 janvier 1978). \u00bb<br \/>Pour l'exercer, vous pouvez envoyer un message via le site et son formulaire de contact.<\/p><\/div><\/div>\n        <\/section>\t\t\t\t<\/div>\n\t\t\t\t<\/div>\n\t\t\t\t<div class=\"elementor-element elementor-element-0308dfb elementor-widget elementor-widget-aux_modern_heading\" data-id=\"0308dfb\" data-element_type=\"widget\" data-e-type=\"widget\" data-widget_type=\"aux_modern_heading.default\">\n\t\t\t\t<div class=\"elementor-widget-container\">\n\t\t\t\t\t<section class=\"aux-widget-modern-heading\">\n            <div class=\"aux-widget-inner\"><h3 class=\"aux-modern-heading-primary\">Liens hypertexte<\/h3><div class=\"aux-modern-heading-description\"><p>Les sites ext\u00e9rieurs au site de la ville de Mirabel aux Baronnies ayant un lien hypertexte avec le pr\u00e9sent site ne sont pas sous contr\u00f4le de la ville de Mirabel aux Baronnies, qui d\u00e9cline par cons\u00e9quent toute responsabilit\u00e9 quant \u00e0 leur contenu. L'utilisateur est seul responsable de leur utilisation.\u00a0<br \/>La cr\u00e9ation de liens hypertextes vers le site de la ville de Mirabel aux Baronnies est soumise \u00e0 l'accord pr\u00e9alable de la ville de Mirabel aux Baronnies. Pour toute demande, vous pouvez envoyer un message via le site et son formulaire de contact.<\/p><\/div><\/div>\n        <\/section>\t\t\t\t<\/div>\n\t\t\t\t<\/div>\n\t\t\t\t<div class=\"elementor-element elementor-element-3e63bd7 elementor-widget elementor-widget-aux_modern_heading\" data-id=\"3e63bd7\" data-element_type=\"widget\" data-e-type=\"widget\" data-widget_type=\"aux_modern_heading.default\">\n\t\t\t\t<div class=\"elementor-widget-container\">\n\t\t\t\t\t<section class=\"aux-widget-modern-heading\">\n            <div class=\"aux-widget-inner\"><h3 class=\"aux-modern-heading-primary\">Google Analytics<\/h3><div class=\"aux-modern-heading-description\"><p>Ce site utilise Google Analytics, un service d\u2019analyse de site internet fourni par Google Inc. (\u00ab Google \u00bb). Google Analytics utilise des cookies , qui sont des fichiers texte plac\u00e9s sur votre ordinateur, pour aider le site internet \u00e0 analyser l\u2019utilisation du site par ses utilisateurs. Les donn\u00e9es g\u00e9n\u00e9r\u00e9es par les cookies concernant votre utilisation du site (y compris votre adresse IP) seront transmises et stock\u00e9es par Google sur des serveurs situ\u00e9s aux Etats-Unis. Google utilisera cette information dans le but d\u2019\u00e9valuer votre utilisation du site, de compiler des rapports sur l\u2019activit\u00e9 du site \u00e0 destination de son \u00e9diteur et de fournir d\u2019autres services relatifs \u00e0 l\u2019activit\u00e9 du site et \u00e0 l\u2019utilisation d\u2019Internet. Google est susceptible de communiquer ces donn\u00e9es \u00e0 des tiers en cas d\u2019obligation l\u00e9gale ou lorsque ces tiers traitent ces donn\u00e9es pour le compte de Google, y compris notamment l\u2019\u00e9diteur de ce site. Google ne recoupera pas votre adresse IP avec toute autre donn\u00e9e d\u00e9tenue par Google. Vous pouvez d\u00e9sactiver l\u2019utilisation de cookies en s\u00e9lectionnant les param\u00e8tres appropri\u00e9s de votre navigateur. Cependant, une telle d\u00e9sactivation pourrait emp\u00eacher l\u2019utilisation de certaines fonctionnalit\u00e9s de ce site. En utilisant ce site internet, vous consentez express\u00e9ment au traitement de vos donn\u00e9es nominatives par Google dans les conditions et pour les finalit\u00e9s d\u00e9crites ci-dessus. \u00bb<\/p><\/div><\/div>\n        <\/section>\t\t\t\t<\/div>\n\t\t\t\t<\/div>\n\t\t\t\t\t<\/div>\n\t\t<\/div>\n\t\t\t\t\t<\/div>\n\t\t<\/section>\n\t\t\t\t<\/div>\n\t\t","protected":false},"excerpt":{"rendered":"<p>Mentions l\u00e9gales Edition du site internet Le site www.mirabel-aux-baronnies.fr est la propri\u00e9t\u00e9 de la ville de Mirabel aux Baronnies. Mairie de Mirabel aux Baronnies30 Avenue de la R\u00e9sistance26110 Mirabel-aux-BaronniesSiret : 212 601 827 00018T\u00e9l. : 04 75 27 15 09 R\u00e9alisation et h\u00e9bergement R\u00e9alisation : NLMarcio &#8211; Informatiquewww.nlmarc.io H\u00e9bergement : OVHwww.ovh.com140 quai du sartel &#8211; [&hellip;]<\/p>\n","protected":false},"author":1,"featured_media":0,"parent":0,"menu_order":0,"comment_status":"closed","ping_status":"closed","template":"templates\/page-builder-content.php","meta":{"footnotes":""},"class_list":["post-1974","page","type-page","status-publish","hentry"],"yoast_head":"<!-- This site is optimized with the Yoast SEO plugin v27.3 - https:\/\/yoast.com\/product\/yoast-seo-wordpress\/ -->\n<title>Mentions l\u00e9gales - Mirabel aux Baronnies<\/title>\n<meta name=\"robots\" content=\"noindex, follow\" \/>\n<meta property=\"og:locale\" content=\"fr_FR\" \/>\n<meta property=\"og:type\" content=\"article\" \/>\n<meta property=\"og:title\" content=\"Mentions l\u00e9gales - Mirabel aux Baronnies\" \/>\n<meta property=\"og:description\" content=\"Mentions l\u00e9gales Edition du site internet Le site www.mirabel-aux-baronnies.fr est la propri\u00e9t\u00e9 de la ville de Mirabel aux Baronnies. Mairie de Mirabel aux Baronnies30 Avenue de la R\u00e9sistance26110 Mirabel-aux-BaronniesSiret : 212 601 827 00018T\u00e9l. : 04 75 27 15 09 R\u00e9alisation et h\u00e9bergement R\u00e9alisation : NLMarcio &#8211; Informatiquewww.nlmarc.io H\u00e9bergement : OVHwww.ovh.com140 quai du sartel &#8211; [&hellip;]\" \/>\n<meta property=\"og:url\" content=\"https:\/\/www.mirabel-aux-baronnies.fr\/s2\/mentions-legales\/\" \/>\n<meta property=\"og:site_name\" content=\"Mirabel aux Baronnies\" \/>\n<meta property=\"article:publisher\" content=\"https:\/\/www.facebook.com\/mairiedemirabelauxbaronnies\/\" \/>\n<meta property=\"article:modified_time\" content=\"2021-04-28T19:11:10+00:00\" \/>\n<meta name=\"twitter:card\" content=\"summary_large_image\" \/>\n<meta name=\"twitter:label1\" content=\"Dur\u00e9e de lecture estim\u00e9e\" \/>\n\t<meta name=\"twitter:data1\" content=\"4 minutes\" \/>\n<script type=\"application\/ld+json\" class=\"yoast-schema-graph\">{\"@context\":\"https:\\\/\\\/schema.org\",\"@graph\":[{\"@type\":\"WebPage\",\"@id\":\"https:\\\/\\\/www.mirabel-aux-baronnies.fr\\\/s2\\\/mentions-legales\\\/\",\"url\":\"https:\\\/\\\/www.mirabel-aux-baronnies.fr\\\/s2\\\/mentions-legales\\\/\",\"name\":\"Mentions l\u00e9gales - Mirabel aux Baronnies\",\"isPartOf\":{\"@id\":\"https:\\\/\\\/www.mirabel-aux-baronnies.fr\\\/s2\\\/#website\"},\"datePublished\":\"2021-04-28T18:40:20+00:00\",\"dateModified\":\"2021-04-28T19:11:10+00:00\",\"inLanguage\":\"fr-FR\",\"potentialAction\":[{\"@type\":\"ReadAction\",\"target\":[\"https:\\\/\\\/www.mirabel-aux-baronnies.fr\\\/s2\\\/mentions-legales\\\/\"]}]},{\"@type\":\"WebSite\",\"@id\":\"https:\\\/\\\/www.mirabel-aux-baronnies.fr\\\/s2\\\/#website\",\"url\":\"https:\\\/\\\/www.mirabel-aux-baronnies.fr\\\/s2\\\/\",\"name\":\"Mirabel aux Baronnies\",\"description\":\"Site officiel de la mairie de Mirabel-aux-Baronnies\",\"publisher\":{\"@id\":\"https:\\\/\\\/www.mirabel-aux-baronnies.fr\\\/s2\\\/#organization\"},\"alternateName\":\"Mirabel-aux-Baronnies\",\"potentialAction\":[{\"@type\":\"SearchAction\",\"target\":{\"@type\":\"EntryPoint\",\"urlTemplate\":\"https:\\\/\\\/www.mirabel-aux-baronnies.fr\\\/s2\\\/?s={search_term_string}\"},\"query-input\":{\"@type\":\"PropertyValueSpecification\",\"valueRequired\":true,\"valueName\":\"search_term_string\"}}],\"inLanguage\":\"fr-FR\"},{\"@type\":\"Organization\",\"@id\":\"https:\\\/\\\/www.mirabel-aux-baronnies.fr\\\/s2\\\/#organization\",\"name\":\"Mirabel aux Baronnies\",\"alternateName\":\"Mirabel-aux-Baronnies\",\"url\":\"https:\\\/\\\/www.mirabel-aux-baronnies.fr\\\/s2\\\/\",\"logo\":{\"@type\":\"ImageObject\",\"inLanguage\":\"fr-FR\",\"@id\":\"https:\\\/\\\/www.mirabel-aux-baronnies.fr\\\/s2\\\/#\\\/schema\\\/logo\\\/image\\\/\",\"url\":\"https:\\\/\\\/www.mirabel-aux-baronnies.fr\\\/s2\\\/wp-content\\\/uploads\\\/2024\\\/01\\\/mirabel11.jpg\",\"contentUrl\":\"https:\\\/\\\/www.mirabel-aux-baronnies.fr\\\/s2\\\/wp-content\\\/uploads\\\/2024\\\/01\\\/mirabel11.jpg\",\"width\":610,\"height\":374,\"caption\":\"Mirabel aux Baronnies\"},\"image\":{\"@id\":\"https:\\\/\\\/www.mirabel-aux-baronnies.fr\\\/s2\\\/#\\\/schema\\\/logo\\\/image\\\/\"},\"sameAs\":[\"https:\\\/\\\/www.facebook.com\\\/mairiedemirabelauxbaronnies\\\/\"]}]}<\/script>\n<!-- \/ Yoast SEO plugin. -->","yoast_head_json":{"title":"Mentions l\u00e9gales - Mirabel aux Baronnies","robots":{"index":"noindex","follow":"follow"},"og_locale":"fr_FR","og_type":"article","og_title":"Mentions l\u00e9gales - Mirabel aux Baronnies","og_description":"Mentions l\u00e9gales Edition du site internet Le site www.mirabel-aux-baronnies.fr est la propri\u00e9t\u00e9 de la ville de Mirabel aux Baronnies. Mairie de Mirabel aux Baronnies30 Avenue de la R\u00e9sistance26110 Mirabel-aux-BaronniesSiret : 212 601 827 00018T\u00e9l. : 04 75 27 15 09 R\u00e9alisation et h\u00e9bergement R\u00e9alisation : NLMarcio &#8211; Informatiquewww.nlmarc.io H\u00e9bergement : OVHwww.ovh.com140 quai du sartel &#8211; [&hellip;]","og_url":"https:\/\/www.mirabel-aux-baronnies.fr\/s2\/mentions-legales\/","og_site_name":"Mirabel aux Baronnies","article_publisher":"https:\/\/www.facebook.com\/mairiedemirabelauxbaronnies\/","article_modified_time":"2021-04-28T19:11:10+00:00","twitter_card":"summary_large_image","twitter_misc":{"Dur\u00e9e de lecture estim\u00e9e":"4 minutes"},"schema":{"@context":"https:\/\/schema.org","@graph":[{"@type":"WebPage","@id":"https:\/\/www.mirabel-aux-baronnies.fr\/s2\/mentions-legales\/","url":"https:\/\/www.mirabel-aux-baronnies.fr\/s2\/mentions-legales\/","name":"Mentions l\u00e9gales - Mirabel aux Baronnies","isPartOf":{"@id":"https:\/\/www.mirabel-aux-baronnies.fr\/s2\/#website"},"datePublished":"2021-04-28T18:40:20+00:00","dateModified":"2021-04-28T19:11:10+00:00","inLanguage":"fr-FR","potentialAction":[{"@type":"ReadAction","target":["https:\/\/www.mirabel-aux-baronnies.fr\/s2\/mentions-legales\/"]}]},{"@type":"WebSite","@id":"https:\/\/www.mirabel-aux-baronnies.fr\/s2\/#website","url":"https:\/\/www.mirabel-aux-baronnies.fr\/s2\/","name":"Mirabel aux Baronnies","description":"Site officiel de la mairie de Mirabel-aux-Baronnies","publisher":{"@id":"https:\/\/www.mirabel-aux-baronnies.fr\/s2\/#organization"},"alternateName":"Mirabel-aux-Baronnies","potentialAction":[{"@type":"SearchAction","target":{"@type":"EntryPoint","urlTemplate":"https:\/\/www.mirabel-aux-baronnies.fr\/s2\/?s={search_term_string}"},"query-input":{"@type":"PropertyValueSpecification","valueRequired":true,"valueName":"search_term_string"}}],"inLanguage":"fr-FR"},{"@type":"Organization","@id":"https:\/\/www.mirabel-aux-baronnies.fr\/s2\/#organization","name":"Mirabel aux Baronnies","alternateName":"Mirabel-aux-Baronnies","url":"https:\/\/www.mirabel-aux-baronnies.fr\/s2\/","logo":{"@type":"ImageObject","inLanguage":"fr-FR","@id":"https:\/\/www.mirabel-aux-baronnies.fr\/s2\/#\/schema\/logo\/image\/","url":"https:\/\/www.mirabel-aux-baronnies.fr\/s2\/wp-content\/uploads\/2024\/01\/mirabel11.jpg","contentUrl":"https:\/\/www.mirabel-aux-baronnies.fr\/s2\/wp-content\/uploads\/2024\/01\/mirabel11.jpg","width":610,"height":374,"caption":"Mirabel aux Baronnies"},"image":{"@id":"https:\/\/www.mirabel-aux-baronnies.fr\/s2\/#\/schema\/logo\/image\/"},"sameAs":["https:\/\/www.facebook.com\/mairiedemirabelauxbaronnies\/"]}]}},"publishpress_future_action":{"enabled":false,"date":"2026-05-01 10:42:32","action":"change-status","newStatus":"draft","terms":[],"taxonomy":"","extraData":[]},"publishpress_future_workflow_manual_trigger":{"enabledWorkflows":[]},"rttpg_featured_image_url":null,"rttpg_author":{"display_name":"Marcio","author_link":"https:\/\/www.mirabel-aux-baronnies.fr\/s2\/author\/nl_marcio\/"},"rttpg_comment":0,"rttpg_category":null,"rttpg_excerpt":"Mentions l\u00e9gales Edition du site internet Le site www.mirabel-aux-baronnies.fr est la propri\u00e9t\u00e9 de la ville de Mirabel aux Baronnies. Mairie de Mirabel aux Baronnies30 Avenue de la R\u00e9sistance26110 Mirabel-aux-BaronniesSiret : 212 601 827 00018T\u00e9l. : 04 75 27 15 09 R\u00e9alisation et h\u00e9bergement R\u00e9alisation : NLMarcio &#8211; Informatiquewww.nlmarc.io H\u00e9bergement : OVHwww.ovh.com140 quai du sartel &#8211;\u2026","_links":{"self":[{"href":"https:\/\/www.mirabel-aux-baronnies.fr\/s2\/wp-json\/wp\/v2\/pages\/1974","targetHints":{"allow":["GET"]}}],"collection":[{"href":"https:\/\/www.mirabel-aux-baronnies.fr\/s2\/wp-json\/wp\/v2\/pages"}],"about":[{"href":"https:\/\/www.mirabel-aux-baronnies.fr\/s2\/wp-json\/wp\/v2\/types\/page"}],"author":[{"embeddable":true,"href":"https:\/\/www.mirabel-aux-baronnies.fr\/s2\/wp-json\/wp\/v2\/users\/1"}],"replies":[{"embeddable":true,"href":"https:\/\/www.mirabel-aux-baronnies.fr\/s2\/wp-json\/wp\/v2\/comments?post=1974"}],"version-history":[{"count":16,"href":"https:\/\/www.mirabel-aux-baronnies.fr\/s2\/wp-json\/wp\/v2\/pages\/1974\/revisions"}],"predecessor-version":[{"id":1992,"href":"https:\/\/www.mirabel-aux-baronnies.fr\/s2\/wp-json\/wp\/v2\/pages\/1974\/revisions\/1992"}],"wp:attachment":[{"href":"https:\/\/www.mirabel-aux-baronnies.fr\/s2\/wp-json\/wp\/v2\/media?parent=1974"}],"curies":[{"name":"wp","href":"https:\/\/api.w.org\/{rel}","templated":true}]}}